 k and q?
1
Let x be (1/3)/(4/48). Let r(a) = a**3 - 3*a**2 - 2. Let m be r(x). Calculate the highest common divisor of m and 42.
14
Let x = 15 + -12. Let k(w) = 4*w - 4. Let j be k(x). What is the greatest common divisor of 4 and j?
4
Let m be 2 + (-6 - 1) + 1. Let l be m/5*190/(-19). What is the greatest common divisor of l and 16?
8
Let b be -1*(4 + (-3 - 49)). Let r be 38/3 + 3/9. Suppose -3 - r = -2*l. Calculate the greatest common factor of l and b.
8
Suppose 3*n - 14 = -o + 6*n, 48 = 2*o - n. Calculate the highest common divisor of 234 and o.
26
Let s(q) be the second derivative of q**3/6 + 15*q**2 + 6*q. Let o be s(0). Calculate the highest common divisor of 20 and o.
10
Let a be (4 - 1/1) + 26. Calculate the highest common factor of a and 232.
29
Let b = 27 - 12. Let c = b - 5. Calculate the greatest common factor of 50 and c.
10
Let x(c) be the second derivative of -c**3/6 + 2*c**2 + 4*c. Let w be x(0). Suppose p = -0 + w. Calculate the greatest common factor of p and 40.
4
Let y be 1 + 3 + 4 + 83. Suppose 2 + 1 = d. Suppose -3*k - 5*w + 30 = 6, 4*k = d*w + 61. What is the highest common factor of y and k?
13
Suppose -25 = -4*h + 135. What is the highest common divisor of 10 and h?
10
Let u = 5 + 7. Suppose -4*j + 3*j = -18. Calculate the highest common divisor of j and u.
6
Suppose 57 = 5*l - 83. Let c(f) = f + 6. Let i be c(-6). Suppose 4*d - 278 = -i*y - y, 0 = 3*d - 4*y - 218. Calculate the greatest common factor of d and l.
14
Let p be (-2)/(-18) - 350/(-9). Calculate the greatest common factor of p and 351.
39
Let c be (-2)/3 + (-38)/(-3). Suppose 99 = u - v + 2*v, 2*u - 5*v = 177. What is the highest common divisor of c and u?
12
Suppose r + 3*d = -4, 6 = -5*d - 4. Suppose 2*f = 7*f - 60. Calculate the highest common factor of f and r.
2
Let z(b) = 5*b**3 - 7*b**2 + 7*b - 5. Let v be z(4). Calculate the greatest common factor of 33 and v.
33
Suppose 0 = -4*o + 22 + 2. Suppose 0*j = 2*j + x - 4, 4*j + x = o. Suppose 0 = -2*b + b + j. Calculate the greatest common factor of 4 and b.
1
Suppose -16 = -0*a - 2*a. What is the highest common divisor of 4 and a?
4
Let p be (-40)/60 - (-92)/3. Suppose -5*q + 2*c = -54, q + 3*c - c = 6. Calculate the highest common divisor of q and p.
10
Let s(c) = -22*c. Let y be s(-1). Let b = 122 - -32. What is the greatest common factor of b and y?
22
Suppose -n = -w + 2*n + 37, 2 = 2*n. Calculate the highest common factor of w and 8.
8
Suppose 4*u - 108 = 4*d, 31 = u + 2*d - 7*d. What is the greatest common divisor of u and 13?
13
Suppose -2*v + 41 + 27 = 0. Suppose 3*h - 2*f - v = -4*f, 4*f + 4 = 0. Suppose -2*w + h = -128. Calculate the greatest common divisor of w and 14.
14
Let n = 17 - -12. Suppose 4*q + a = 43, -5*q + n = -2*a - 15. Calculate the greatest common divisor of 4 and q.
2
Let v(a) = -a - 4. Let o be v(-6). Let f be 153/3 - (5 - o). Suppose b = -0*b + f. Calculate the greatest common factor of 16 and b.
16
Let f(t) = 0*t - 6*t + 5 - 4*t**2 + 3 + 3*t**2. Let b be f(-7). Let x(a) = a. Let i be x(4). Calculate the greatest common factor of i and b.
1
Let r(v) = v**3 - 5*v**2 - 6*v + 2. Let s be r(6). Suppose s*i = -j + 28, -4*j = -7*j + 6. Calculate the greatest common factor of 26 and i.
13
Let j = 26 - 13. Let a be (-12)/8*12/(-9). Suppose -a*s = -s - 13. Calculate the highest common factor of s and j.
13
Let m be 1/(-7) - 6383/(-91). Calculate the greatest common divisor of m and 28.
14
Let u(f) = -3*f - 1. Let l be u(-2). Suppose -o = -3*c + 13, -2*c + 4*c - 4*o = 2. What is the greatest common factor of c and l?
5
Suppose 3*o - 17 = r, -2 - 14 = -2*o + 3*r. Suppose 0 = f + o, -5*f + 1 = 5*c + 11. Suppose 0 = c*x - 72 - 60. Calculate the highest common factor of x and 11.
11
Suppose 2*f = 0, 15 - 48 = -3*y - 2*f. Let j = -49 - -71. Calculate the greatest common divisor of y and j.
11
Let q be ((-92)/(-6))/(6/45). Suppose 0*l + 3*l - q = -5*w, 5*l + 75 = 5*w. What is the highest common factor of 50 and w?
10
Let w(u) = u**2 - 12. Let c be w(5). What is the greatest common divisor of c and 13?
13
Let p be (27 - 0/2) + 0. What is the greatest common divisor of p and 18?
9
Suppose 3*k + 8 = 5*k. Suppose 4*m + p - 40 = 0, k*m + 5*p - 24 = 16. Suppose -i = -3*i + m. What is the highest common divisor of 45 and i?
5
Let p(z) = 1 - z + 3 - 3. Let f be p(3). Let l be (-318)/(-8) + f/(-8). Calculate the greatest common divisor of 8 and l.
8
Let m be (8/20)/((-1)/(-110)). Suppose -y - m = -2*y. What is the highest common factor of y and 4?
4
Let r = 7 + -5. Suppose -9 - 23 = -r*u. Suppose 5*h = 5*x - 855, 2*h + 700 = 4*x + 6. What is the highest common factor of u and x?
16
Let q be 1*(-2)/(-4)*8. Suppose 0 = -q*w - 1 + 9, 2*w = c - 2. Suppose -r - 11 + 2 = -3*v, 2*v + 4*r = -8. What is the greatest common divisor of v and c?
2
Let w = 3 + 0. Let f be 5 + 0 + 2/(-1). Calculate the greatest common divisor of w and f.
3
Let w = 12 - 6. Let r(b) = -b**3 + 6*b**2 + 6*b - 7. Suppose -3*s = -3*d, 5*s - 16 = 2*d - 1. Let j be r(d). Calculate the greatest common divisor of j and w.
6
Suppose 5*k - 3*q + 7 - 28 = 0, -3*q = -3*k + 9. Suppose 4*y = y + 126. What is the greatest common factor of k and y?
6
Suppose 40 = 5*h - 0*h. What is the greatest common factor of h and 64?
8
Let l be (-56)/(-21) + 2/6. Suppose 4*z = 9 - 1. Let r be l + 2 + -1*z. What is the highest common divisor of r and 15?
3
Let v be ((-1)/(2/(-12)))/1. Let x be 38/v - 4/(-6). Let z(d) = -d**2 + 7*d + 8. Let y be z(x). Calculate the highest common factor of y and 1.
1
Let g(a) = -15*a**3 + 2*a**2 - 1. Let c be g(-1). Suppose 2*j - 8 = c. What is the highest common divisor of 60 and j?
12
Let z(w) be the first derivative of w**4/4 - 14*w**3/3 - w**2/2 + 17*w + 3. Let o be z(14). What is the highest common factor of 12 and o?
3
Suppose -3*z + 2 = 4*h - 0*z, 0 = 3*h + 5*z + 4. Let c = h + -5. Let t be (-1)/(-3) + (-38)/c. Calculate the highest common factor of t and 13.
13
Let t(u) = 2*u**3 - u**2 + 2*u - 1. Let n be t(2). Calculate the highest common factor of n and 15.
15
Suppose 4*b = q - 17, -2*q - b + 25 = -0*q. What is the highest common divisor of 104 and q?
13
Suppose 21 = 4*u - 3. Let d = 7 - 7. Let p be -2 + d - (-1 - 10). Calculate the highest common factor of p and u.
3
Let n(g) = 25*g - 10. Let p be n(4). Suppose -2*v + p = -70. What is the highest common divisor of v and 32?
16
Suppose -2*y + 129 = 5*s, 12*y = 16*y - 3*s - 193. Calculate the greatest common divisor of 13 and y.
13
Let v(d) = -2*d + 20. Let a be v(-10). Calculate the highest common factor of 10 and a.
10
Suppose -w = 3*c - 17, -w = -c + 5*c - 23. Calculate the highest common factor of 12 and c.
6
Let j be 2/(-14) + (-450)/(-14). Calculate the greatest common factor of j and 8.
8
Let t = -58 - -61. Calculate the highest common divisor of 3 and t.
3
Let g(u) = -10*u - 4. Let h be g(-3). Let v = 68 - h. What is the highest common divisor of 28 and v?
14
Suppose 4*p = 3*h - 24, -p - 3*p - 32 = -5*h. Let z be (138/(-4))/3*-2. Suppose 8 = 2*l, -l - 5 - z = -h*d. What is the greatest common divisor of 72 and d?
8
Suppose 4*y - 2*n - 28 = 4, -4*y + 4 = 5*n. Suppose -5*v + 68 = 2*j - 0*v, 0 = 4*j + 4*v - 112. Calculate the highest common factor of y and j.
6
Let w = 6 - -29. Calculate the greatest common divisor of 5 and w.
5
Let j = 72 - 48. Let k(o) = 3*o**2. Let b be k(2). Let c = 24 + b. What is the greatest common factor of c and j?
12
Let d be ((-1)/2)/((-1)/4). Suppose s + d*m = 10, 2*m = m - 2. Calculate the greatest common factor of s and 42.
14
Let g = 17 - 5. Let l = 24 - g. Calculate the highest common divisor of 36 and l.
12
Let q = 12 - 8. Calculate the highest common factor of 44 and q.
4
Let v(h) = -h + 7. Let p be v(3). Let g be -2*(0 - 182/p). What is the greatest common factor of g and 13?
13
Let g be 94 + 4 + (3 - 2) + 0. What is the highest common factor of g and 66?
33
Suppose 3*z = -2*p - p + 30, 3*z = 3*p + 42. Let c(u) = 23*u**2 - 2*u - 1. Let l be c(-1). Calculate the greatest common divisor of l and z.
12
Let x = -30 + 53. Calculate the greatest common divisor of 92 and x.
23
Let j(x) = x**3 - 13*x**2 - 12*x - 11. Suppose -5*d + 27 = -43. Let v be j(d). Calculate the highest common factor of 85 and v.
17
Let v be 86/10 - (-6)/(-10